 90099?
3, 47, 71
List the prime factors of 27631.
27631
List the prime factors of 4186.
2, 7, 13, 23
List the prime factors of 933.
3, 311
List the prime factors of 1681.
41
List the prime factors of 1030.
2, 5, 103
List the prime factors of 295.
5, 59
What are the prime factors of 5971?
7, 853
List the prime factors of 1817.
23, 79
List the prime factors of 4216.
2, 17, 31
What are the prime factors of 2304?
2, 3
What are the prime factors of 52013?
13, 4001
What are the prime factors of 953?
953
What are the prime factors of 2708?
2, 677
List the prime factors of 15387.
3, 23, 223
List the prime factors of 14574.
2, 3, 7, 347
List the prime factors of 3246.
2, 3, 541
List the prime factors of 9438.
2, 3, 11, 13
What are the prime factors of 84798?
2, 3, 7, 673
List the prime factors of 923.
13, 71
What are the prime factors of 3580?
2, 5, 179
List the prime factors of 9499.
7, 23, 59
List the prime factors of 630.
2, 3, 5, 7
List the prime factors of 480.
2, 3, 5
List the prime factors of 18437.
103, 179
What are the prime factors of 3269?
7, 467
List the prime factors of 6161.
61, 101
List the prime factors of 2821.
7, 13, 31
What are the prime factors of 60990?
2, 3, 5, 19, 107
List the prime factors of 1106.
2, 7, 79
List the prime factors of 3580.
2, 5, 179
What are the prime factors of 5819?
11, 23
List the prime factors of 4032.
2, 3, 7
List the prime factors of 2904.
2, 3, 11
What are the prime factors of 857?
857
What are the prime factors of 1157?
13, 89
List the prime factors of 1133.
11, 103
What are the prime factors of 36?
2, 3
List the prime factors of 5741.
5741
List the prime factors of 99.
3, 11
What are the prime factors of 103393?
103393
List the prime factors of 4144.
2, 7, 37
What are the prime factors of 65?
5, 13
List the prime factors of 9755.
5, 1951
List the prime factors of 2280.
2, 3, 5, 19
What are the prime factors of 170?
2, 5, 17
What are the prime factors of 926?
2, 463
What are the prime factors of 6303?
3, 11, 191
What are the prime factors of 31696?
2, 7, 283
What are the prime factors of 28002?
2, 3, 13, 359
What are the prime factors of 1466?
2, 733
List the prime factors of 6474.
2, 3, 13, 83
What are the prime factors of 85817?
85817
List the prime factors of 2482.
2, 17, 73
What are the prime factors of 195?
3, 5, 13
What are the prime factors of 8498?
2, 7, 607
What are the prime factors of 107912?
2, 7, 41, 47
List the prime factors of 562.
2, 281
List the prime factors of 10996.
2, 2749
List the prime factors of 12585.
3, 5, 839
What are the prime factors of 93965?
5, 18793
List the prime factors of 20909.
7, 29, 103
What are the prime factors of 1185?
3, 5, 79
What are the prime factors of 29?
29
List the prime factors of 73437.
3, 7, 13, 269
List the prime factors of 5798.
2, 13, 223
What are the prime factors of 8049?
3, 2683
List the prime factors of 16083.
3, 1787
What are the prime factors of 35822?
2, 17911
What are the prime factors of 34?
2, 17
What are the prime factors of 115321?
115321
What are the prime factors of 26709?
3, 29, 307
What are the prime factors of 597?
3, 199
List the prime factors of 129893.
129893
What are the prime factors of 4262?
2, 2131
List the prime factors of 6254.
2, 53, 59
What are the prime factors of 24900?
2, 3, 5, 83
List the prime factors of 15174.
2, 3, 281
What are the prime factors of 66114?
2, 3, 3673
What are the prime factors of 26658?
2, 3, 1481
List the prime factors of 406.
2, 7, 29
What are the prime factors of 2447?
2447
List the prime factors of 150.
2, 3, 5
List the prime factors of 89.
89
List the prime factors of 95073.
3, 11, 43, 67
What are the prime factors of 6279?
3, 7, 13, 23
What are the prime factors of 1383?
3, 461
List the prime factors of 6514.
2, 3257
What are the prime factors of 21704?
2, 2713
What are the prime factors of 4709?
17, 277
What are the prime factors of 2587?
13, 199
What are the prime factors of 2204?
2, 19, 29
List the prime factors of 87968.
2, 2749
List the prime factors of 90175.
5, 3607
What are the prime factors of 85782?
2, 3, 17, 29
List the prime factors of 148037.
37, 4001
List the prime factors of 2207.
2207
What are the prime factors of 3523?
13, 271
List the prime factors of 5750.
2, 5, 23
What are the prime factors of 16734?
2, 3, 2789
List the prime factors of 3067.
3067
What are the prime factors of 4833?
3, 179
What are the prime factors of 12795?
3, 5, 853
What are the prime factors of 60421?
23, 37, 71
What are the prime factors of 16026?
2, 3, 2671
List the prime factors of 952.
2, 7, 17
List the prime factors of 3398.
2, 1699
What are the prime factors of 2623?
43, 61
What are the prime factors of 667?
23, 29
List the prime factors of 90663.
3, 47, 643
What are the prime factors of 57214?
2, 28607
What are the prime factors of 17272?
2, 17, 127
List the prime factors of 60949.
7, 8707
List the prime factors of 1292.
2, 17, 19
List the prime factors of 1620.
2, 3, 5
List the prime factors of 4459.
7, 13
List the prime factors of 1826.
2, 11, 83
List the prime factors of 109969.
277, 397
List the prime factors of 11262.
2, 3, 1877
List the prime factors of 61.
61
What are the prime factors of 60?
2, 3, 5
What are the prime factors of 10034?
2, 29, 173
What are the prime factors of 1462?
2, 17, 43
What are the prime factors of 1360?
2, 5, 17
List the prime factors of 433.
433
What are the prime factors of 3269?
7, 467
What are the prime factors of 5500?
2, 5, 11
What are the prime factors of 59127?
3, 19709
List the prime factors of 1628.
2, 11, 37
What are the prime factors of 43451?
43451
What are the prime factors of 12378?
2, 3, 2063
What are the prime factors of 595?
5, 7, 17
What are the prime factors of 2473?
2473
List the prime factors of 2246.
2, 1123
List the prime factors of 54.
2, 3
List the prime factors of 86667.
3, 7, 4127
List the prime factors of 1142.
2, 571
What are the prime factors of 3876?
2, 3, 17, 19
List the prime factors of 3450.
2, 3, 5, 23
List the prime factors of 6357.
3, 13, 163
What are the prime factors of 220?
2, 5, 11
List the prime factors of 2152.
2, 269
List the prime factors of 264.
2, 3, 11
List the prime factors of 427.
7, 61
What are the prime factors of 960?
2, 3, 5
List the prime factors of 50593.
50593
List the prime factors of 21773.
21773
What are the prime factors of 685?
5, 137
List the prime factors of 778.
2, 389
What are the prime factors of 94455?
3, 5, 2099
What are the prime factors of 34405?
5, 7, 983
What are the prime factors of 269?
269
What are the prime factors of 29509?
23, 1283
What are the prime factors of 1794?
2, 3, 13, 23
List the prime factors of 31736.
2, 3967
What are the prime factors of 23264?
2, 727
List the prime factors of 3510.
2, 3, 5, 13
List the prime factors of 114709.
7, 2341
List the prime factors of 1984.
2, 31
What are the prime factors of 11019?
3, 3673
What are the prime factors of 32310?
2, 3, 5, 359
List the prime factors of 17074.
2, 8537
List the prime factors of 1009.
1009
What are the prime factors of 191?
191
List the prime factors of 16737.
3, 7, 797
List the prime factors of 32486.
2, 37, 439
List the prime factors of 26723.
26723
List the prime factors of 1363.
29, 47
List the prime factors of 899.
29, 31
List the prime factors of 4108.
2, 13, 79
List the prime factors of 12223.
17, 719
What are the prime factors of 5546?
2, 47, 59
List the prime factors of 1873.
1873
What are the prime factors of 941?
941
What are the prime factors of 9159?
3, 43, 71
What are the prime factors of 7591?
7591
What are the prime factors of 26517?
3, 8839
List the prime factors of 20453.
113, 181
What are the prime factors of 16121?
7, 47
What are the prime factors of 45?
3, 5
What are the prime factors of 97677?
3, 10853
What are the prime factors of 14071?
14071
List the prime factors of 17283.
3, 7, 823
List the prime factors of 9091.
9091
What are the prime factors of 33052?
2, 8263
List the prime factors of 70413.
3, 7, 479
What are the prime factors of 1307?
1307
List the prime factors of 3190.
2, 5, 11, 29
What are the prime factors of 14074?
2, 31, 227
What are the prime factors of 1689?
3, 563
List the prime factors of 6256.
2, 17, 23
List the prime factors of 230.
2, 5, 23
List the prime factors of 505.
5,